{"id":210,"date":"2024-02-19T05:29:53","date_gmt":"2024-02-19T05:29:53","guid":{"rendered":"https:\/\/cartillanacionaldigital.com\/?page_id=210"},"modified":"2024-11-22T13:08:10","modified_gmt":"2024-11-22T13:08:10","slug":"cancer-de-prostata","status":"publish","type":"page","link":"https:\/\/cartillanacionaldigital.com\/index.php\/cancer-de-prostata\/","title":{"rendered":"C\u00e1ncer de Pr\u00f3stata"},"content":{"rendered":"\n<div class=\"wp-block-group alignfull has-accent-background-color has-background has-global-padding is-layout-constrained wp-container-core-group-is-layout-3 wp-block-group-is-layout-constrained\" style=\"margin-top:0;margin-bottom:0;padding-top:var(--wp--preset--spacing--50);padding-right:var(--wp--preset--spacing--50);padding-bottom:var(--wp--preset--spacing--50);padding-left:var(--wp--preset--spacing--50)\">\n<div class=\"wp-block-columns alignwide is-layout-flex wp-container-core-columns-is-layout-1 wp-block-columns-is-layout-flex\">\n<div class=\"wp-block-column is-vertically-aligned-stretch is-layout-flow wp-block-column-is-layout-flow\" style=\"flex-basis:50%\">\n<div class=\"wp-block-group is-vertical is-content-justification-stretch is-layout-flex wp-container-core-group-is-layout-2 wp-block-group-is-layout-flex\" style=\"min-height:100%\">\n<p class=\"has-heading-font-family has-x-large-font-size\" style=\"line-height:1.2\"><strong>Olv\u00eddate del Tacto Rectal<\/strong><\/p>\n\n\n\n<div class=\"wp-block-group has-global-padding is-content-justification-left is-layout-constrained wp-container-core-group-is-layout-1 wp-block-group-is-layout-constrained\">\n<p class=\"wp-container-content-1\">La medicina ha avanzado r\u00e1pidamente en el cual ya existen pruebas y ex\u00e1menes para evitar el <strong>Tacto Rectal<\/strong>.<\/p>\n\n\n\n<div class=\"wp-block-buttons is-layout-flex wp-block-buttons-is-layout-flex\">\n<div class=\"wp-block-button\"><a class=\"wp-block-button__link wp-element-button\" href=\"https:\/\/www.facebook.com\/profile.php?id=61556260395428&amp;mibextid=ZbWKwL\" target=\"_blank\" rel=\"noreferrer noopener\">Facebook<\/a><\/div>\n<\/div>\n<\/div>\n<\/div>\n<\/div>\n\n\n\n<div class=\"wp-block-column is-vertically-aligned-center is-layout-flow wp-block-column-is-layout-flow\" style=\"flex-basis:50%\">\n<div class=\"wp-block-cover\"><span aria-hidden=\"true\" class=\"wp-block-cover__background has-background-dim\"><\/span><img decoding=\"async\" class=\"wp-block-cover__image-background wp-image-227\" alt=\"\" src=\"http:\/\/cartillanacionaldigital.com\/wp-content\/uploads\/2024\/02\/VID-20240217-WA0047-3.mp4\" data-object-fit=\"cover\"\/><div class=\"wp-block-cover__inner-container is-layout-flow wp-block-cover-is-layout-flow\">\n<p class=\"has-text-align-center has-large-font-size\">Tacto Rectal \ud83d\ude22\ud83d\ude29<\/p>\n\n\n\n<figure class=\"wp-block-video\"><video controls src=\"https:\/\/cartillanacionaldigital.com\/wp-content\/uploads\/2024\/02\/VID-20240217-WA0047-4.mp4\"><\/video><\/figure>\n<\/div><\/div>\n<\/div>\n<\/div>\n<\/div>\n\n\n\n<div class=\"wp-block-group alignfull has-base-background-color has-background has-global-padding is-layout-constrained wp-container-core-group-is-layout-4 wp-block-group-is-layout-constrained\" style=\"margin-top:0;margin-bottom:0;padding-top:var(--wp--preset--spacing--50);padding-right:var(--wp--preset--spacing--50);padding-bottom:var(--wp--preset--spacing--50);padding-left:var(--wp--preset--spacing--50)\">\n<div class=\"wp-block-columns alignwide is-layout-flex wp-container-core-columns-is-layout-3 wp-block-columns-is-layout-flex\">\n<div class=\"wp-block-column has-global-padding is-content-justification-left is-layout-constrained wp-container-core-column-is-layout-3 wp-block-column-is-layout-constrained\" style=\"flex-basis:40%\">\n<p>La importancia sobre prevenir el C\u00e1ncer de Pr\u00f3stata.<\/p>\n<\/div>\n\n\n\n<div class=\"wp-block-column is-layout-flow wp-container-core-column-is-layout-6 wp-block-column-is-layout-flow\" style=\"flex-basis:60%\">\n<p class=\"has-heading-font-family has-x-large-font-size\" style=\"line-height:1.2\">Prevenci\u00f3n del C\u00e1ncer de Pr\u00f3stata<\/p>\n\n\n\n<div class=\"wp-block-columns is-layout-flex wp-container-core-columns-is-layout-2 wp-block-columns-is-layout-flex\">\n<div class=\"wp-block-column is-layout-flow wp-block-column-is-layout-flow\">\n<p class=\"wp-container-content-2\">La mayor\u00eda de los hombres tienden avergonzarse o miedo para ir a hacerse un chequeo en la pr\u00f3stata. Sin embargo el c\u00e1ncer a la pr\u00f3stata es un serio problema de salud en el mundo occidental. Es el C\u00e1ncer m\u00e1s com\u00fan en hombres luego del c\u00e1ncer a la piel, estim\u00e1ndose que uno de cada seis hombres desarrollar\u00e1 la enfermedad en el transcurso de su vida. Existe suficiente evidencia que la detecci\u00f3n precoz de c\u00e1ncer de pr\u00f3stata disminuye la mortalidad, ya que se cuenta con tratamiento efectivos para la enfermedad diagnosticada en etapas tempranas.<\/p>\n<\/div>\n\n\n\n<div class=\"wp-block-column is-layout-flow wp-block-column-is-layout-flow\">\n<p>Es decir si comienzas con signos y s\u00edntomas como: <\/p>\n\n\n\n<ul class=\"wp-block-list\">\n<li>Problemas para orinar.<\/li>\n\n\n\n<li>Disminuci\u00f3n en la fuerza del flujo de la orina.<\/li>\n\n\n\n<li>Sangre en la orina.<\/li>\n\n\n\n<li>Sangre en el semen.<\/li>\n\n\n\n<li>Dolor de huesos.<\/li>\n\n\n\n<li>P\u00e9rdida de peso sin intentarlo.<\/li>\n\n\n\n<li>Disfunci\u00f3n er\u00e9ctil.<\/li>\n<\/ul>\n\n\n\n<p>Sin embargo si haces tus chequeos anuales despu\u00e9s de los 40 a\u00f1os evitaras esos s\u00edntomas que en ocasiones son dolorosos y el C\u00e1ncer de Pr\u00f3stata.<\/p>\n\n\n\n<p> <\/p>\n<\/div>\n<\/div>\n<\/div>\n<\/div>\n<\/div>\n\n\n\n<div class=\"wp-block-group alignfull has-accent-5-background-color has-background has-global-padding is-layout-constrained wp-container-core-group-is-layout-5 wp-block-group-is-layout-constrained\" style=\"margin-top:0;margin-bottom:0;padding-top:var(--wp--preset--spacing--50);padding-right:var(--wp--preset--spacing--50);padding-bottom:var(--wp--preset--spacing--50);padding-left:var(--wp--preset--spacing--50)\">\n<div class=\"wp-block-columns alignwide is-layout-flex wp-container-core-columns-is-layout-4 wp-block-columns-is-layout-flex\">\n<div class=\"wp-block-column is-vertically-aligned-center is-layout-flow wp-block-column-is-layout-flow\" style=\"flex-basis:60%\">\n<figure class=\"wp-block-image size-full is-style-rounded wp-duotone-duotone-5 is-style-rounded--1\"><img loading=\"lazy\" decoding=\"async\" width=\"1017\" height=\"661\" src=\"https:\/\/cartillanacionaldigital.com\/wp-content\/uploads\/2024\/02\/programa-deteccion-precoz-cancer-prostata-e1543400416103.png\" alt=\"\" class=\"wp-image-212\" style=\"aspect-ratio:4\/3;object-fit:cover\" srcset=\"https:\/\/cartillanacionaldigital.com\/wp-content\/uploads\/2024\/02\/programa-deteccion-precoz-cancer-prostata-e1543400416103.png 1017w, https:\/\/cartillanacionaldigital.com\/wp-content\/uploads\/2024\/02\/programa-deteccion-precoz-cancer-prostata-e1543400416103-300x195.png 300w, https:\/\/cartillanacionaldigital.com\/wp-content\/uploads\/2024\/02\/programa-deteccion-precoz-cancer-prostata-e1543400416103-768x499.png 768w\" sizes=\"auto, (max-width: 1017px) 100vw, 1017px\" \/><\/figure>\n<\/div>\n\n\n\n<div class=\"wp-block-column is-layout-flow wp-block-column-is-layout-flow\" style=\"flex-basis:40%\">\n<h2 class=\"wp-block-heading\">C\u00e1ncer de Pr\u00f3stata<\/h2>\n\n\n\n<p>El c\u00e1ncer de pr\u00f3stata&nbsp;<strong>es una enfermedad por la que se forman c\u00e9lulas malignas (cancerosas) en los tejidos de la pr\u00f3stata<\/strong>. La pr\u00f3stata es una gl\u00e1ndula del aparato reproductor masculino. Est\u00e1 justo debajo de la vejiga (\u00f3rgano que recibe y expulsa la orina) y delante del recto (parte inferior del intestino).<\/p>\n\n\n\n<div class=\"wp-block-buttons is-layout-flex wp-block-buttons-is-layout-flex\">\n<div class=\"wp-block-button\"><a class=\"wp-block-button__link wp-element-button\" href=\"https:\/\/www.instagram.com\/emmanuelruiz3803?igsh=MW9hOHN1aHdjeWg5\">Instagram<\/a><\/div>\n<\/div>\n<\/div>\n<\/div>\n<\/div>\n\n\n\n<div class=\"wp-block-group alignfull has-global-padding is-layout-constrained wp-container-core-group-is-layout-11 wp-block-group-is-layout-constrained\" style=\"margin-top:0;margin-bottom:0;padding-top:var(--wp--preset--spacing--50);padding-right:var(--wp--preset--spacing--50);padding-bottom:var(--wp--preset--spacing--50);padding-left:var(--wp--preset--spacing--50)\">\n<div class=\"wp-block-group is-vertical is-content-justification-center is-layout-flex wp-container-core-group-is-layout-6 wp-block-group-is-layout-flex\">\n<h2 class=\"wp-block-heading has-text-align-center has-xx-large-font-size\">Adi\u00f3s al tacto rectal para diagnosticar c\u00e1ncer de pr\u00f3stata<\/h2>\n\n\n\n<p class=\"has-text-align-center\">La medicina y la tecnolog\u00eda ha avanzado.<\/p>\n\n\n\n<p>Existen pruebas y ex\u00e1menes para evitar el Tacto Rectal.<\/p>\n<\/div>\n\n\n\n<div style=\"height:var(--wp--preset--spacing--30)\" aria-hidden=\"true\" class=\"wp-block-spacer\"><\/div>\n\n\n\n<div class=\"wp-block-columns alignwide is-layout-flex wp-container-core-columns-is-layout-5 wp-block-columns-is-layout-flex\" style=\"padding-right:0;padding-left:0\">\n<div class=\"wp-block-column is-layout-flow wp-block-column-is-layout-flow\">\n<figure class=\"wp-block-image size-full is-style-rounded is-style-rounded--2\"><img loading=\"lazy\" decoding=\"async\" width=\"580\" height=\"504\" src=\"https:\/\/cartillanacionaldigital.com\/wp-content\/uploads\/2024\/02\/cancer-prostata-cryo.webp\" alt=\"\" class=\"wp-image-213\" style=\"aspect-ratio:1;object-fit:cover\" srcset=\"https:\/\/cartillanacionaldigital.com\/wp-content\/uploads\/2024\/02\/cancer-prostata-cryo.webp 580w, https:\/\/cartillanacionaldigital.com\/wp-content\/uploads\/2024\/02\/cancer-prostata-cryo-300x261.webp 300w\" sizes=\"auto, (max-width: 580px) 100vw, 580px\" \/><\/figure>\n\n\n\n<div class=\"wp-block-group is-vertical is-content-justification-center is-nowrap is-layout-flex wp-container-core-group-is-layout-7 wp-block-group-is-layout-flex\">\n<p class=\"has-text-align-center has-small-font-size\"> <strong>Examen Rectal Digital<\/strong> <\/p>\n\n\n\n<p class=\"has-text-align-center has-small-font-size\"><a href=\"https:\/\/medlineplus.gov\/spanish\/prostatecancerscreening.html\" target=\"_blank\" rel=\"noopener\" title=\"\">(Digital Rectal Exam, DRE)<\/a><\/p>\n<\/div>\n<\/div>\n\n\n\n<div class=\"wp-block-column is-layout-flow wp-block-column-is-layout-flow\">\n<figure class=\"wp-block-image size-full is-style-rounded is-style-rounded--3\"><img loading=\"lazy\" decoding=\"async\" width=\"600\" height=\"488\" src=\"https:\/\/cartillanacionaldigital.com\/wp-content\/uploads\/2024\/02\/testpsa.jpg\" alt=\"\" class=\"wp-image-214\" style=\"aspect-ratio:1;object-fit:cover\" srcset=\"https:\/\/cartillanacionaldigital.com\/wp-content\/uploads\/2024\/02\/testpsa.jpg 600w, https:\/\/cartillanacionaldigital.com\/wp-content\/uploads\/2024\/02\/testpsa-300x244.jpg 300w\" sizes=\"auto, (max-width: 600px) 100vw, 600px\" \/><\/figure>\n\n\n\n<div class=\"wp-block-group is-vertical is-content-justification-center is-nowrap is-layout-flex wp-container-core-group-is-layout-8 wp-block-group-is-layout-flex\">\n<p class=\"has-text-align-center has-small-font-size\"> La prueba PSA&nbsp;<\/p>\n\n\n\n<p class=\"has-text-align-center has-small-font-size\"><a href=\"https:\/\/www.cancer.org\/es\/cancer\/tipos\/cancer-de-prostata\/deteccion-diagnostico-clasificacion-por-etapas\/como-se-diagnostica.html#:~:text=La%20prueba%20de%20PSA%20se,causados%20por%20c%C3%A1ncer%20de%20pr%C3%B3stata.\" target=\"_blank\" rel=\"noopener\" title=\"\">Prueba de Sangre PSA<\/a><\/p>\n<\/div>\n<\/div>\n\n\n\n<div class=\"wp-block-column is-layout-flow wp-block-column-is-layout-flow\">\n<figure class=\"wp-block-image size-full is-style-rounded is-style-rounded--4\"><img loading=\"lazy\" decoding=\"async\" width=\"501\" height=\"500\" src=\"https:\/\/cartillanacionaldigital.com\/wp-content\/uploads\/2024\/02\/Prueba_rapida_PSA-Semicuantitativa-1.png\" alt=\"\" class=\"wp-image-215\" style=\"aspect-ratio:1;object-fit:cover\" srcset=\"https:\/\/cartillanacionaldigital.com\/wp-content\/uploads\/2024\/02\/Prueba_rapida_PSA-Semicuantitativa-1.png 501w, https:\/\/cartillanacionaldigital.com\/wp-content\/uploads\/2024\/02\/Prueba_rapida_PSA-Semicuantitativa-1-300x300.png 300w, https:\/\/cartillanacionaldigital.com\/wp-content\/uploads\/2024\/02\/Prueba_rapida_PSA-Semicuantitativa-1-150x150.png 150w\" sizes=\"auto, (max-width: 501px) 100vw, 501px\" \/><\/figure>\n\n\n\n<div class=\"wp-block-group is-vertical is-content-justification-center is-nowrap is-layout-flex wp-container-core-group-is-layout-9 wp-block-group-is-layout-flex\">\n<p class=\"has-text-align-center has-small-font-size\"> Prueba de Ant\u00edgeno prost\u00e1tico<\/p>\n\n\n\n<p class=\"has-text-align-center has-small-font-size\"><a href=\"https:\/\/www.gob.mx\/salud\/es\/articulos\/prueba-oportuna-de-antigenos-favorece-la-deteccion-del-cancer-de-prostata?idiom=es\" target=\"_blank\" rel=\"noopener\" title=\"\">Prueba de Sangre r\u00e1pida<\/a><\/p>\n<\/div>\n<\/div>\n\n\n\n<div class=\"wp-block-column is-layout-flow wp-block-column-is-layout-flow\">\n<figure class=\"wp-block-image size-full is-style-rounded is-style-rounded--5\"><img loading=\"lazy\" decoding=\"async\" width=\"976\" height=\"549\" src=\"https:\/\/cartillanacionaldigital.com\/wp-content\/uploads\/2024\/02\/110216256__109479150_gettyimages-1125616490.jpg\" alt=\"\" class=\"wp-image-216\" style=\"aspect-ratio:1;object-fit:cover\" srcset=\"https:\/\/cartillanacionaldigital.com\/wp-content\/uploads\/2024\/02\/110216256__109479150_gettyimages-1125616490.jpg 976w, https:\/\/cartillanacionaldigital.com\/wp-content\/uploads\/2024\/02\/110216256__109479150_gettyimages-1125616490-300x169.jpg 300w, https:\/\/cartillanacionaldigital.com\/wp-content\/uploads\/2024\/02\/110216256__109479150_gettyimages-1125616490-768x432.jpg 768w\" sizes=\"auto, (max-width: 976px) 100vw, 976px\" \/><\/figure>\n\n\n\n<div class=\"wp-block-group is-vertical is-content-justification-center is-nowrap is-layout-flex wp-container-core-group-is-layout-10 wp-block-group-is-layout-flex\">\n<p class=\"has-text-align-center has-small-font-size\"> <strong>Estudio de Imagen<\/strong> <\/p>\n\n\n\n<p class=\"has-text-align-center has-small-font-size\"><a href=\"https:\/\/www.bbc.com\/mundo\/noticias-50837047\" target=\"_blank\" rel=\"noopener\" title=\"\">Estudio de Imagen<\/a><\/p>\n<\/div>\n<\/div>\n<\/div>\n<\/div>\n\n\n\n<div class=\"wp-block-group alignfull has-global-padding is-layout-constrained wp-container-core-group-is-layout-14 wp-block-group-is-layout-constrained\" style=\"margin-top:0;margin-bottom:0;padding-top:var(--wp--preset--spacing--50);padding-right:var(--wp--preset--spacing--50);padding-bottom:var(--wp--preset--spacing--50);padding-left:var(--wp--preset--spacing--50)\">\n<div class=\"wp-block-group alignwide has-base-2-background-color has-background is-layout-flow wp-block-group-is-layout-flow\" style=\"border-radius:16px;padding-top:var(--wp--preset--spacing--50);padding-right:var(--wp--preset--spacing--50);padding-bottom:var(--wp--preset--spacing--50);padding-left:var(--wp--preset--spacing--50)\">\n<p class=\"has-text-align-center\">We\u2019ve worked with some of the best companies.<\/p>\n\n\n\n<div style=\"height:var(--wp--preset--spacing--10)\" aria-hidden=\"true\" class=\"wp-block-spacer\"><\/div>\n\n\n\n<div class=\"wp-block-group alignwide is-content-justification-center is-layout-flex wp-container-core-group-is-layout-12 wp-block-group-is-layout-flex\" style=\"padding-top:0;padding-right:0;padding-bottom:0;padding-left:0\">\n\n\n\n\n\n\n\n<\/div>\n<\/div>\n<\/div>\n\n\n\n<div class=\"wp-block-group alignfull has-base-color has-contrast-background-color has-text-color has-background has-link-color wp-elements-6abeac88d4ef10186d52434fe107a549 has-global-padding is-layout-constrained wp-container-core-group-is-layout-16 wp-block-group-is-layout-constrained\" style=\"margin-top:0;margin-bottom:0;padding-top:var(--wp--preset--spacing--50);padding-right:var(--wp--preset--spacing--50);padding-bottom:var(--wp--preset--spacing--50);padding-left:var(--wp--preset--spacing--50)\">\n<h2 class=\"wp-block-heading alignwide has-base-color has-text-color has-link-color wp-elements-c9b5699bdecff18878afa112249018b5\" style=\"font-size:clamp(4.509rem, 4.509rem + ((1vw - 0.2rem) * 9.152), 10rem);letter-spacing:-0.02em\">FAQs<\/h2>\n\n\n\n<div class=\"wp-block-group alignwide is-layout-flow wp-block-group-is-layout-flow\">\n<hr class=\"wp-block-separator has-text-color has-base-color has-alpha-channel-opacity has-base-background-color has-background is-style-wide\"\/>\n\n\n\n<details class=\"wp-block-details is-style-arrow-icon-details has-medium-font-size is-layout-flow wp-block-details-is-layout-flow\" style=\"border-top-style:none;border-top-width:0px;border-right-style:none;border-right-width:0px;border-bottom-color:var(--wp--preset--color--base);border-bottom-style:solid;border-bottom-width:1px;border-left-style:none;border-left-width:0px;margin-top:0\"><summary>Tengo s\u00edntomas pero me da miedo acudir al m\u00e9dico?<\/summary>\n<p>El primer paso en el diagn\u00f3stico del c\u00e1ncer de pr\u00f3stata es la realizaci\u00f3n de un examen f\u00edsico y una historia cl\u00ednica detallada. Durante el examen f\u00edsico para checar, la forma y la consistencia de la pr\u00f3stata.<\/p>\n\n\n\n<p class=\"has-contrast-1-color has-text-color has-link-color wp-elements-94bc08532f08827c87a63f9000ff9b26\">Recuerda que los S\u00edntomas pueden empeorar, lo importante es dar prioridad a tu salud acudir al m\u00e9dico y hacerte las pruebas y ex\u00e1menes si tienes miedo al tacto recta.<\/p>\n<\/details>\n\n\n\n<details class=\"wp-block-details is-style-arrow-icon-details has-medium-font-size is-layout-flow wp-block-details-is-layout-flow\" style=\"border-top-style:none;border-top-width:0px;border-right-style:none;border-right-width:0px;border-bottom-color:var(--wp--preset--color--base);border-bottom-style:solid;border-bottom-width:1px;border-left-style:none;border-left-width:0px;margin-top:0\"><summary>Tengo 40 a\u00f1os pero no tengo ning\u00fan s\u00edntoma debo acudir al m\u00e9dico?<\/summary>\n<p class=\"has-contrast-1-color has-text-color has-link-color wp-elements-c11eef66b7592c6e7f79d7e3eba120b8\">Recuerda que m\u00e1s vale prevenir que lamentar, a los 40 a\u00f1os todo nuestro organismo cambia y envejece, es mejor acudir al m\u00e9dico a un chequeo anual para estar tranquilo con nuestro estado de salud. Sin embargo pudiese que hubiera una sorpresa y con tratamiento m\u00e9dico tendr\u00edas una soluci\u00f3n al problema.<\/p>\n\n\n\n<p>El primer paso en el diagn\u00f3stico del c\u00e1ncer de pr\u00f3stata es la realizaci\u00f3n de un examen f\u00edsico y una historia cl\u00ednica detallada. Durante el examen f\u00edsico para checar, la forma y la consistencia de la pr\u00f3stata.<\/p>\n<\/details>\n\n\n\n<details class=\"wp-block-details is-style-arrow-icon-details has-medium-font-size is-layout-flow wp-block-details-is-layout-flow\" style=\"border-top-style:none;border-top-width:0px;border-right-style:none;border-right-width:0px;border-bottom-color:var(--wp--preset--color--base);border-bottom-style:solid;border-bottom-width:1px;border-left-style:none;border-left-width:0px;margin-top:0\"><summary>Cuales son las causas del C\u00e1ncer de Pr\u00f3stata?<\/summary>\n<p class=\"has-contrast-1-color has-text-color has-link-color wp-elements-0e6fafe51f599a761e787260a5b2208f\">El c\u00e1ncer de pr\u00f3stata es una enfermedad compleja y multifactorial, cuyas causas no se conocen con certeza absoluta. Sin embargo, existen varios factores de riesgo que se han asociado con un mayor riesgo de desarrollar esta enfermedad.<\/p>\n<\/details>\n\n\n\n<details class=\"wp-block-details is-style-arrow-icon-details has-medium-font-size is-layout-flow wp-block-details-is-layout-flow\" style=\"border-top-style:none;border-top-width:0px;border-right-style:none;border-right-width:0px;border-bottom-color:var(--wp--preset--color--base);border-bottom-style:solid;border-bottom-width:1px;border-left-style:none;border-left-width:0px;margin-top:0\"><summary>Es contagioso el C\u00e1ncer de Pr\u00f3stata?<\/summary>\n<p class=\"has-contrast-1-color has-text-color has-link-color wp-elements-958b4582d7889b6dc161760362c9ec4c\"><em>El c\u00e1ncer de pr\u00f3stata&nbsp;<\/em><strong>NO<\/strong><em>&nbsp;es contagioso. No se puede transmitir de una persona a otra a trav\u00e9s del contacto f\u00edsico, el aire, el agua o los alimentos. El c\u00e1ncer de pr\u00f3stata se desarrolla cuando las c\u00e9lulas de la pr\u00f3stata experimentan cambios anormales y comienzan a crecer de manera descontrolada. Los factores de riesgo incluyen la edad, antecedentes familiares y ciertos factores gen\u00e9ticos.<\/em><\/p>\n<\/details>\n\n\n\n<div style=\"margin-top:var(--wp--preset--spacing--10);margin-bottom:0;height:var(--wp--preset--spacing--10)\" aria-hidden=\"true\" class=\"wp-block-spacer\"><\/div>\n<\/div>\n<\/div>\n\n\n\n<div class=\"wp-block-group alignfull has-global-padding is-layout-constrained wp-container-core-group-is-layout-17 wp-block-group-is-layout-constrained\" style=\"margin-top:0;margin-bottom:0;padding-top:var(--wp--preset--spacing--50);padding-right:var(--wp--preset--spacing--50);padding-bottom:var(--wp--preset--spacing--50);padding-left:var(--wp--preset--spacing--50)\">\n<div class=\"wp-block-columns alignwide are-vertically-aligned-center is-layout-flex wp-container-core-columns-is-layout-6 wp-block-columns-is-layout-flex\">\n<div class=\"wp-block-column is-vertically-aligned-center is-layout-flow wp-block-column-is-layout-flow\" style=\"flex-basis:50%\">\n<h2 class=\"wp-block-heading\">Prevenci\u00f3n del C\u00e1ncer de Pr\u00f3stata.<\/h2>\n\n\n\n<ul style=\"line-height:1.75\" class=\"is-style-checkmark-list wp-block-list\">\n<li>Chequeo despu\u00e9s de los 40 a\u00f1os.<\/li>\n\n\n\n<li>Alimentaci\u00f3n saludable Previniendo el sobrepeso.<\/li>\n\n\n\n<li>Hacer ejercicio.<\/li>\n\n\n\n<li>Evita el Alcohol y Cigarro.<\/li>\n<\/ul>\n\n\n\n<div class=\"wp-block-buttons is-layout-flex wp-block-buttons-is-layout-flex\">\n<div class=\"wp-block-button\"><a class=\"wp-block-button__link wp-element-button\" href=\"https:\/\/www.facebook.com\/profile.php?id=61556260395428&amp;mibextid=ZbWKwL\" target=\"_blank\" rel=\"noreferrer noopener\">Facebook<\/a><\/div>\n\n\n\n<div class=\"wp-block-button is-style-outline is-style-outline--6\"><a class=\"wp-block-button__link wp-element-button\" href=\"https:\/\/www.instagram.com\/emmanuelruiz3803?igsh=MW9hOHN1aHdjeWg5\">Instagram<\/a><\/div>\n<\/div>\n<\/div>\n\n\n\n<div class=\"wp-block-column is-vertically-aligned-center is-layout-flow wp-block-column-is-layout-flow\" style=\"flex-basis:50%\">\n<figure class=\"wp-block-image size-full is-style-rounded is-style-rounded--7\"><img loading=\"lazy\" decoding=\"async\" width=\"1280\" height=\"640\" src=\"https:\/\/cartillanacionaldigital.com\/wp-content\/uploads\/2024\/02\/cancer-prostata-mobile.original.png\" alt=\"\" class=\"wp-image-217\" style=\"aspect-ratio:4\/3;object-fit:cover\" srcset=\"https:\/\/cartillanacionaldigital.com\/wp-content\/uploads\/2024\/02\/cancer-prostata-mobile.original.png 1280w, https:\/\/cartillanacionaldigital.com\/wp-content\/uploads\/2024\/02\/cancer-prostata-mobile.original-300x150.png 300w, https:\/\/cartillanacionaldigital.com\/wp-content\/uploads\/2024\/02\/cancer-prostata-mobile.original-1024x512.png 1024w, https:\/\/cartillanacionaldigital.com\/wp-content\/uploads\/2024\/02\/cancer-prostata-mobile.original-768x384.png 768w\" sizes=\"auto, (max-width: 1280px) 100vw, 1280px\" \/><\/figure>\n<\/div>\n<\/div>\n<\/div>\n","protected":false},"excerpt":{"rendered":"<p>Olv\u00eddate del Tacto Rectal La medicina ha avanzado r\u00e1pidamente en el cual ya existen pruebas y ex\u00e1menes para evitar el Tacto Rectal. La importancia sobre prevenir el C\u00e1ncer de Pr\u00f3stata. Prevenci\u00f3n del C\u00e1ncer de Pr\u00f3stata La mayor\u00eda de los hombres tienden avergonzarse o miedo para ir a hacerse un chequeo en la pr\u00f3stata. Sin embargo [&hellip;]<\/p>\n","protected":false},"author":1,"featured_media":0,"parent":0,"menu_order":0,"comment_status":"closed","ping_status":"closed","template":"","meta":{"om_disable_all_campaigns":false,"_monsterinsights_skip_tracking":false,"_monsterinsights_sitenote_active":false,"_monsterinsights_sitenote_note":"","_monsterinsights_sitenote_category":0,"footnotes":""},"class_list":["post-210","page","type-page","status-publish","hentry"],"aioseo_notices":[],"_links":{"self":[{"href":"https:\/\/cartillanacionaldigital.com\/index.php\/wp-json\/wp\/v2\/pages\/210","targetHints":{"allow":["GET"]}}],"collection":[{"href":"https:\/\/cartillanacionaldigital.com\/index.php\/wp-json\/wp\/v2\/pages"}],"about":[{"href":"https:\/\/cartillanacionaldigital.com\/index.php\/wp-json\/wp\/v2\/types\/page"}],"author":[{"embeddable":true,"href":"https:\/\/cartillanacionaldigital.com\/index.php\/wp-json\/wp\/v2\/users\/1"}],"replies":[{"embeddable":true,"href":"https:\/\/cartillanacionaldigital.com\/index.php\/wp-json\/wp\/v2\/comments?post=210"}],"version-history":[{"count":5,"href":"https:\/\/cartillanacionaldigital.com\/index.php\/wp-json\/wp\/v2\/pages\/210\/revisions"}],"predecessor-version":[{"id":493,"href":"https:\/\/cartillanacionaldigital.com\/index.php\/wp-json\/wp\/v2\/pages\/210\/revisions\/493"}],"wp:attachment":[{"href":"https:\/\/cartillanacionaldigital.com\/index.php\/wp-json\/wp\/v2\/media?parent=210"}],"curies":[{"name":"wp","href":"https:\/\/api.w.org\/{rel}","templated":true}]}}